1 is divided by h(s).
29
Let o = 0 + 8. Let k be (-5)/(-10)*66 - (1 + -3). Let h = k + -31. Calculate the remainder when o is divided by h.
0
Let j be 0 + -2 - (0 - 16). Suppose 25 = p + k, 39 - 131 = -4*p - 2*k. Let q = j + p. What is the remainder when q is divided by 18?
17
Let w(s) = -17*s - 279. What is the remainder when w(-22) is divided by 13?
4
Let b(n) = -2*n**2 - 124*n - 104. What is the remainder when 26 is divided by b(-61)?
8
Let h(o) = 2*o + 302. Calculate the remainder when h(38) is divided by 53.
7
Let t(g) = g**3 - 12*g**2 + 14*g + 3. Let z be t(10). Let b = z - -84. Let o = 39 + -29. What is the remainder when b is divided by o?
7
Suppose 2*a - 3*b - 185 = 0, -b + 0*b - 93 = -a. What is the remainder when a is divided by 33?
28
Let y(d) = d**3 - 7*d**2 + 6*d - 4. Let i be y(5). Let u = i - -75. Suppose 2*v + u = 5*v. Calculate the remainder when 49 is divided by v.
15
Let k(a) = a**2 - 7*a + 11. Let g be k(6). Calculate the remainder when 13 is divided by g/(4/(-4)) + 3 - -4.
1
Let f = 27 + -22. Suppose -171 = -2*n + 3*j, 0*n = n + f*j - 118. Calculate the remainder when n is divided by 32.
29
Let h(g) = -g**3 + 10*g**2 - 6*g + 3. Suppose -w + 0 + 6 = 0. Let i be h(w). Let s = 156 - i. Calculate the remainder when s is divided by 16.
13
Let i(k) = -97*k + 56. Calculate the remainder when i(-7) is divided by 67.
65
Let h be ((-75)/20 - -3) + 22/8. Suppose -h*g - 3*a + 18 = 0, -16 = -4*g - a - 0*a. What is the remainder when 4 is divided by g?
1
What is the remainder when 114 is divided by (8/176 + 6/(-11))*-72?
6
Suppose 6*c + 192 = 22*c. What is the remainder when 92 is divided by c?
8
Suppose -35*r + 20383 + 48322 = 0. Calculate the remainder when r is divided by 131.
129
Let d(f) = -7*f - 12. Suppose -5 = 5*p, -2*p - 47 = 3*x + 2*x. Let n(o) = -o**2 - 7*o + 11. Let l be n(x). Calculate the remainder when d(l) is divided by 19.
18
Suppose -1 = 2*q - q. Let u be 14 - 1/(q - -2). Suppose v - 34 = -u. Calculate the remainder when 40 is divided by v.
19
Let h = 11342 + -11259. Suppose -3*u + 15 = -3. What is the remainder when h is divided by u?
5
Let q(a) = -a**2 - 14*a + 19. What is the remainder when 131 is divided by q(-8)?
64
Let q(f) = -f**2 + 3*f. Suppose -i + 19 = i + 3*x, 0 = -5*i - 2*x + 20. Let u be q(i). Calculate the remainder when 22 is divided by (-1 + 0)/(u/(-16)).
6
Suppose q - 2 = 3*q, 0 = 3*i + 5*q - 46. Let l = 253 - 247. Calculate the remainder when i is divided by l.
5
Let q(s) = -8*s - 156. Calculate the remainder when 896 is divided by q(-32).
96
Let n = 1390 + -1360. Calculate the remainder when 1438 is divided by n.
28
Suppose 0 = -p + 4*p - 78. Suppose 0 = -4*l + 1 + 411. Calculate the remainder when l is divided by p.
25
Suppose -14*j + j = -195. Calculate the remainder when 418 is divided by j.
13
Let v(x) = x**2 + 4*x - 2. Let u be v(-5). Let t be (u + (-7)/2)*0. Let z(i) = i**3 + i**2 + i + 25. What is the remainder when z(t) is divided by 14?
11
Let d(x) = x**2 - 2. Suppose 2 = -3*y - 4. Let p be d(y). Suppose -3*g + 157 = 4*o, -197 = -4*o + 3*g + p*g. Calculate the remainder when o is divided by 11.
10
Suppose 0 = 3*s - 4*s + 102. Suppose -r = 3*x - s, r = 4*r + 2*x - 278. Suppose -r = -3*i - 0*i. What is the remainder when i is divided by 8?
6
Let z(k) = -k**3 + 5*k**2 + 8*k - 8. Suppose 0 = -p - 1 + 5. Calculate the remainder when (5 + -2)/3 + p is divided by z(6).
1
Suppose 0 = 4*h - 3*s - 310, h + 3*h + 4*s - 324 = 0. Suppose 0 = r + 3*q - 75, 0 = -6*r + 7*r + 4*q - h. What is the remainder when r is divided by 13?
11
Let v(d) = -3*d - 7. Let s = 5 - 3. Suppose -3 = s*x + 11. What is the remainder when v(x) is divided by 8?
6
Let o = 276 + -260. What is the remainder when 669 is divided by o?
13
Let j be (25 + 1)/((-2)/17). Let z = j - -402. Let y = z - 120. What is the remainder when y is divided by 16?
13
Let y be 4/14 + 19/7. Let g = y + -1. Suppose -g + 22 = c. What is the remainder when c is divided by 8?
4
Let a(t) = t**3 - 5*t**2 - 16*t + 15. Let c be a(7). What is the remainder when c - (-79 + (-8)/4) is divided by 14?
12
Let y(d) = d. Let l be y(0). Let r be l + 3 + (-3 - -2). Suppose 4*q = -r*f + 188, q + 2*q - 2*f = 127. Calculate the remainder when q is divided by 16.
13
Suppose 4*u - 532 = -212. Let m = u + -49. Calculate the remainder when m is divided by 8.
7
Let f(w) = -w**2 - 10*w + 1. Let j(k) = -28*k + 137. What is the remainder when j(4) is divided by f(-8)?
8
Suppose 0 = -4*n + 2*d + 452, 5*n - 4*d - 565 = -6*d. Calculate the remainder when n is divided by 13.
9
Suppose -f + 152 = 3*a, 11*a = 7*a - 3*f + 201. What is the remainder when a is divided by 19?
13
Let p = -122 + 138. Suppose p*k - 20*k + 320 = 0. Calculate the remainder when k is divided by 27.
26
Suppose 4*y = 3*j - 255 - 164, 5*y - 600 = -4*j. Calculate the remainder when j is divided by 1/(4 + (-43 + 1)*210/2220).
34
Let q = -1110 + 1166. Calculate the remainder when 1567 is divided by q.
55
Let j(a) = a**3 + 7*a**2 - 17*a + 7. Let g be j(-9). What is the remainder when (-152)/(-3) + g/(-6) is divided by 26?
25
Let y = 113 + -41. What is the remainder when y is divided by 26?
20
Let h = 327 - 317. Calculate the remainder when 157 is divided by h.
7
Suppose 5*t + 4*o - 35 = 0, 4*t - 2*o - 28 = -3*o. Suppose 60 = 6*y - 3*y. Calculate the remainder when y is divided by t.
6
Suppose -2*m = w - 2*w - 3, 25 = 5*w - 2*m. Suppose 2*i + 28 - 22 = 0. Let x = w + i. Calculate the remainder when 11 is divided by x.
3
Calculate the remainder when 349 is divided by (1 + -17)/(-2) - (-41 - -38).
8
Let k(d) = -7*d - 3. Let h = -7 + 2. What is the remainder when 158 is divided by k(h)?
30
Suppose 4527 = -3*c + 6*c. What is the remainder when c is divided by 108?
105
Let p(v) = -v**3 + 9*v**2 + 2*v - 12. Let d be p(9). Let x(y) = 7*y - 2*y + d - 4*y. What is the remainder when 11 is divided by x(-3)?
2
Let u(y) be the second derivative of y**3/3 + 10*y**2 + 20*y. Let h(v) = v**2 + 3. Calculate the remainder when u(8) is divided by h(4).
17
Let b(o) be the second derivative of o**4 + o**3/3 - 2*o**2 - 2*o. Suppose 1 = 5*q + 5*r - 4, -q = 2*r. What is the remainder when b(q) is divided by 17?
14
Let j = -25 + 37. Suppose 0*y + j = y. Suppose -d = 3*q - 21 + 7, -q = 5*d. Calculate the remainder when y is divided by q.
2
Let n(a) = a**3 + 2*a**2 - 16*a + 2. What is the remainder when 102 is divided by n(-5)?
4
Let h(j) = 3*j**3 - j**2 + 15*j - 27. Suppose 12*a - 340 = 7*a. What is the remainder when a is divided by h(2)?
22
Suppose 0 = -7*i + 6*i + 33. Calculate the remainder when 460 is divided by i.
31
Let w = 165 + -87. What is the remainder when w is divided by 8?
6
Suppose 4*f + 1 = j, 11*j - 21 = 6*j + 4*f. What is the remainder when 1 + -4 + 2 - -25 is divided by j?
4
Let g = -246 + 287. Calculate the remainder when g is divided by 16.
9
Suppose 23*a = 96 + 2756. What is the remainder when a is divided by 32?
28
Let l(v) = -4*v - 7. Let w be l(-9). Let u = w - 12. Calculate the remainder when 67 is divided by u.
16
What is the remainder when 146 is divided by 514/16 + -5*19/760?
18
Calculate the remainder when 17 is divided by (-75)/(-8) - 18/48.
8
Let r(x) be the second derivative of 1/20*x**5 - 6*x**2 + 2/3*x**4 + 0 + 7*x - 1/3*x**3. What is the remainder when 5 is divided by r(-8)?
1
Let n = 3198 + -3181. What is the remainder when n is divided by (-4)/(2/(-5) + 0)?
7
Let m = 28 - 17. Suppose -7*k + 133 = 12*k. Calculate the remainder when m is divided by k.
4
Let a = 573 + -136. What is the remainder when a is divided by 113?
98
Let a(i) = -6*i - 184. Let o be a(-31). Let d = 5 - 1. Suppose -o*w - 48 = -d*w. Calculate the remainder when 47 is divided by w.
23
Suppose -125 - 13 = 3*h. Calculate the remainder when (6/4)/((-3)/h) is divided by 6.
5
Suppose 14*p - 180 = 11*p. Let o = 33 + p. Calculate the remainder when o is divided by 24.
21
Let x(i) = -9*i + 7. What is the remainder when 159 is divided by x(0)?
5
Let z = 20 + -12. Suppose 2*d = 4 + 48. Let l = d - 21. What is the remainder when z is divided by l?
3
Let f(m) = -m - 4. Let p be f(-6). Let l = -35 - -37. Suppose 0*x + l*x = p*y - 16, 3*y + 4*x - 3 = 0. What is the remainder when y is divided by 4?
1
Let g = 26 - 1. Suppose -3*h - g = -u + 7, h + 104 =